{"id":258,"date":"2021-09-29T04:14:04","date_gmt":"2021-09-29T04:14:04","guid":{"rendered":"http:\/\/metropolitanhost.com\/themes\/themeforest\/wp\/sacreva\/?page_id=258"},"modified":"2025-06-10T14:59:16","modified_gmt":"2025-06-10T12:59:16","slug":"volunteers","status":"publish","type":"page","link":"https:\/\/ceaf.egovspace.com\/index.php\/volunteers\/","title":{"rendered":"CEAF"},"content":{"rendered":"<div class=\"wpb-content-wrapper\"><p>[vc_row css=&#8221;.vc_custom_1749174533526{padding-top: 50px !important;padding-bottom: 40px !important;}&#8221; row_css_sm=&#8221;.vc_custom_1749174533526{padding-top: 70px !important;padding-bottom: 40px !important;}&#8221;][vc_column][vc_column_text css=&#8221;&#8221;]<\/p>\n<p style=\"text-align: justify;\">La CEAF se structure autour du conseil spirituel, son organe d\u2019inspiration. L\u2019ex\u00e9cution, sous la responsabilit\u00e9 du conseil d\u2019administration, est confi\u00e9e au bureau. La coordination des activit\u00e9s des diff\u00e9rents d\u00e9partements est assur\u00e9e par le secr\u00e9tariat g\u00e9n\u00e9ral.<\/p>\n<p style=\"text-align: justify;\">Les pasteurs, structur\u00e9s autour de la commission des minist\u00e8res, font partie d\u2019un ordre. Ils se r\u00e9unissent en pastorale une fois par mois pour leur\u00a0concertation et consultation.<\/p>\n<p>[\/vc_column_text][\/vc_column][\/vc_row][vc_row][vc_column width=&#8221;1\/3&#8243;]\r\n\t\t<div  class=\"sigma_custom_heading_wrapper sigma-custom-heading-358592140 sigma-shortcode-wrapper custom-heading-style-2 subtitle-text-uppercase title-text- text-left\">\r\r\n\t\t\t<div class=\"section-title sigma-custom-heading-wrapper\">\r\n\t\t\t\t<h2 class=\"heading-title\">\r\n\t\t\t\tLe Conseil Spirituel\t\t\t<\/h2>\r\n\t\t<\/div>\r\n\r\n\t\t<\/div>\r\r\n\t\t[\/vc_column][vc_column width=&#8221;2\/3&#8243;][vc_column_text css=&#8221;.vc_custom_1749088988670{margin-top: 20px !important;margin-bottom: 20px !important;border-left-width: 2px !important;padding-top: 10px !important;padding-bottom: 10px !important;padding-left: 20px !important;border-left-style: solid !important;border-color: #f74f22 !important;}&#8221;]Congr\u00e9gationniste dans son eccl\u00e9siologie, le conseil spirituel est la prise en charge concr\u00e8te de cette r\u00e9alit\u00e9 dans le fonctionnement administratif de la CEAF. Il est la traduction, \u00e0 la t\u00eate de l\u2019organisation, d\u2019une participation effective des \u00e9glises membres \u00e0 la conception comme \u00e0 la r\u00e9alisation des d\u00e9cisions, des projets. Il est le lieu de l\u2019implication concr\u00e8te des dirigeants en vue de s\u2019assurer de l\u2019engagement des \u00e9glises membres dans les d\u00e9cisions de la CEAF.<\/p>\n<p style=\"text-align: justify;\">Compos\u00e9 des pasteurs responsables des \u00e9glises membres, une cinquantaine d\u2019entre eux y participent. Lieu de concertation, d\u2019\u00e9changes et de tri, il est le point de d\u00e9part. Les id\u00e9es, visions et avant-projets s\u2019y expriment librement. Ceux retenus par vote majoritaire sont envoy\u00e9s au Conseil d\u2019Administration pour toilettage et transformation en projet \u00e0 r\u00e9aliser. Ceux-ci sont alors soumis \u00e0 l\u2019Assembl\u00e9e G\u00e9n\u00e9rale avant d\u2019atterrir au d\u00e9partement concern\u00e9 pour r\u00e9alisation.<\/p>\n<p>[\/vc_column_text][\/vc_column][\/vc_row][vc_row][vc_column][vc_separator color=&#8221;custom&#8221; border_width=&#8221;2&#8243; css=&#8221;&#8221; accent_color=&#8221;#e43236&#8243;][\/vc_column][\/vc_row][vc_row css=&#8221;.vc_custom_1749174857853{padding-top: px !important;}&#8221;][vc_column width=&#8221;2\/3&#8243;][vc_column_text css=&#8221;.vc_custom_1749089558500{margin-bottom: 20px !important;border-right-width: 2px !important;padding-top: 10px !important;padding-right: 20px !important;padding-bottom: 10px !important;border-right-style: solid !important;border-color: #e43236 !important;}&#8221;]<\/p>\n<p style=\"text-align: justify;\">V\u00e9ritable laboratoire, il est le lieu o\u00f9 tout se construit. Il se charge aussi de la pr\u00e9paration de l\u2019Assembl\u00e9e G\u00e9n\u00e9rale, organe supr\u00eame de la CEAF. Le Conseil comprend 24 membres \u00e9lus r\u00e9partis en 6 groupes : 6 pasteurs, 4 chefs de d\u00e9partement, 4 techniciens la\u00efcs, 7 membres du Bureau, 2 responsables de commissions, le pr\u00e9sident du Conseil Spirituel.<\/p>\n<p style=\"text-align: justify;\">Il se r\u00e9unit une fois le trimestre pour \u00e9valuer l\u2019activit\u00e9 de la CEAF. Il joue tout \u00e0 la fois le r\u00f4le de contr\u00f4le et de conseil pour le bureau qui est charg\u00e9 de l\u2019ex\u00e9cution quotidienne.<\/p>\n<p>[\/vc_column_text][\/vc_column][vc_column width=&#8221;1\/3&#8243;]\r\n\t\t<div  class=\"sigma_custom_heading_wrapper sigma-custom-heading-480583458 sigma-shortcode-wrapper custom-heading-style-2 subtitle-text-uppercase title-text- text-right\">\r\r\n\t\t\t<div class=\"section-title sigma-custom-heading-wrapper\">\r\n\t\t\t\t<h2 class=\"heading-title\">\r\n\t\t\t\tLe Conseil d\u2019Administration\t\t\t<\/h2>\r\n\t\t<\/div>\r\n\r\n\t\t<\/div>\r\r\n\t\t[\/vc_column][\/vc_row][vc_row full_width=&#8221;stretch_row&#8221; css=&#8221;.vc_custom_1749175055187{padding-top: 110px !important;padding-bottom: 80px !important;background-color: #f7f7f7 !important;}&#8221; row_css_sm=&#8221;.vc_custom_1749175055188{padding-top: 70px !important;padding-bottom: 40px !important;}&#8221;][vc_column]\r\n\t\t<div  class=\"sigma_custom_heading_wrapper sigma-custom-heading-409699392 sigma-shortcode-wrapper custom-heading-style-2 subtitle-text-uppercase title-text- text-center\">\r\r\n\t\t\t<div class=\"section-title sigma-custom-heading-wrapper\">\r\n\t\t\t\t<h2 class=\"heading-title\">\r\n\t\t\t\tLe Bureau\t\t\t<\/h2>\r\n\t\t<\/div>\r\n\r\n\t\t<\/div>\r\r\n\t\t\r\n\t\t<div  class=\"sigma_volunteer_wrapper sigma-volunteer-316189301 sigma-shortcode-wrapper sigma-volunteer-style-3 volunteer-layout-grid\">\r\r\n\t\t\t\r\r\n<div class=\"row\">\r\r\r\n\t\r\r\n\t\t<div class=\"col-xl-3 col-lg-6 col-md-6 col-sm-12\">\r\r\r\n\t\t\t<div class=\"sigma_volunteer volunteer-4\">\r\n                  <div class=\"sigma_volunteer-thumb\">\r\n                    <img fetchpriority=\"high\" decoding=\"async\" width=\"600\" height=\"645\" src=\"https:\/\/ceaf.egovspace.com\/wp-content\/uploads\/2025\/06\/photo-presidente-768x788-1-600x645.jpg\" class=\"sigma-volunteer-image wp-post-image\" alt=\"\" \/>                  <\/div>\r\n                  <div class=\"sigma_volunteer-body\">\r\n                    <div class=\"sigma_volunteer-info\">\r\n                                            <p>La Pr\u00e9sidente<\/p>\r\n                                          <h5><a href=\"https:\/\/ceaf.egovspace.com\/index.php\/volunteer\/pasteure-victoria-johnston-kamondji\/\" class=\"volunteer-title-link\">Pasteure Victoria Johnston Kamondji<\/a><\/h5>\r\n                    <\/div>\r\n                  <\/div>\r\n                <\/div>\r\n\r\r\n\t\t<\/div>\r\r\r\n\t\t\r\r\n\t\t<div class=\"col-xl-3 col-lg-6 col-md-6 col-sm-12\">\r\r\r\n\t\t\t<div class=\"sigma_volunteer volunteer-4\">\r\n                  <div class=\"sigma_volunteer-thumb\">\r\n                    <img decoding=\"async\" width=\"400\" height=\"400\" src=\"https:\/\/ceaf.egovspace.com\/wp-content\/uploads\/2025\/06\/FtRnGx30_400x400.jpg\" class=\"sigma-volunteer-image wp-post-image\" alt=\"\" srcset=\"https:\/\/ceaf.egovspace.com\/wp-content\/uploads\/2025\/06\/FtRnGx30_400x400.jpg 400w, https:\/\/ceaf.egovspace.com\/wp-content\/uploads\/2025\/06\/FtRnGx30_400x400-300x300.jpg 300w, https:\/\/ceaf.egovspace.com\/wp-content\/uploads\/2025\/06\/FtRnGx30_400x400-150x150.jpg 150w, https:\/\/ceaf.egovspace.com\/wp-content\/uploads\/2025\/06\/FtRnGx30_400x400-370x370.jpg 370w, https:\/\/ceaf.egovspace.com\/wp-content\/uploads\/2025\/06\/FtRnGx30_400x400-100x100.jpg 100w\" sizes=\"(max-width: 400px) 100vw, 400px\" \/>                  <\/div>\r\n                  <div class=\"sigma_volunteer-body\">\r\n                    <div class=\"sigma_volunteer-info\">\r\n                                            <p>Vice-Pr\u00e9sident<\/p>\r\n                                          <h5><a href=\"https:\/\/ceaf.egovspace.com\/index.php\/volunteer\/pasteur-philippe-ndjoli\/\" class=\"volunteer-title-link\">Pasteur Philippe N&#039;DJOLI<\/a><\/h5>\r\n                    <\/div>\r\n                  <\/div>\r\n                <\/div>\r\n\r\r\n\t\t<\/div>\r\r\r\n\t\t\r\r\n<\/div>\r\r\r\n\r\n\t\t<\/div>\r\r\n\t\t[\/vc_column][\/vc_row][vc_row full_width=&#8221;stretch_row&#8221; disable_element=&#8221;yes&#8221; css=&#8221;.vc_custom_1749130852779{padding-top: 110px !important;padding-bottom: 110px !important;background-image: url(http:\/\/metropolitanhost.com\/themes\/themeforest\/wp\/sacreva\/wp-content\/uploads\/2021\/09\/bg1.jpg?id=260) !important;background-position: center !important;background-repeat: no-repeat !important;background-size: cover !important;}&#8221; row_css_sm=&#8221;.vc_custom_1749130852780{padding-top: 70px !important;padding-bottom: 40px !important;}&#8221; el_class=&#8221;dark-overlay&#8221;][vc_column offset=&#8221;vc_col-lg-6 vc_col-md-6&#8243;]\n<div class=\"wpcf7 no-js\" id=\"wpcf7-f238-o1\" lang=\"en-US\" dir=\"ltr\" data-wpcf7-id=\"238\">\n<div class=\"screen-reader-response\"><p role=\"status\" aria-live=\"polite\" aria-atomic=\"true\"><\/p> <ul><\/ul><\/div>\n<form action=\"\/index.php\/wp-json\/wp\/v2\/pages\/258#wpcf7-f238-o1\" method=\"post\" class=\"wpcf7-form init\" aria-label=\"Contact form\" novalidate=\"novalidate\" data-status=\"init\">\n<fieldset class=\"hidden-fields-container\"><input type=\"hidden\" name=\"_wpcf7\" value=\"238\" \/><input type=\"hidden\" name=\"_wpcf7_version\" value=\"6.1.2\" \/><input type=\"hidden\" name=\"_wpcf7_locale\" value=\"en_US\" \/><input type=\"hidden\" name=\"_wpcf7_unit_tag\" value=\"wpcf7-f238-o1\" \/><input type=\"hidden\" name=\"_wpcf7_container_post\" value=\"0\" \/><input type=\"hidden\" name=\"_wpcf7_posted_data_hash\" value=\"\" \/>\n<\/fieldset>\n<div class=\"contact-form-1\">\n\t<div class=\"form-row\">\n\t\t<div class=\"col-lg-6\">\n\t\t\t<div class=\"form-group\">\n\t\t\t\t<p><i class=\"far fa-user\"><\/i><span class=\"wpcf7-form-control-wrap\" data-name=\"first-name\"><input size=\"40\" maxlength=\"400\" class=\"wpcf7-form-control wpcf7-text wpcf7-validates-as-required form-control\" aria-required=\"true\" aria-invalid=\"false\" placeholder=\"Pr\u00e9nom(s)\" value=\"\" type=\"text\" name=\"first-name\" \/><\/span>\n\t\t\t\t<\/p>\n\t\t\t<\/div>\n\t\t<\/div>\n\t\t<div class=\"col-lg-6\">\n\t\t\t<div class=\"form-group\">\n\t\t\t\t<p><i class=\"far fa-user\"><\/i><span class=\"wpcf7-form-control-wrap\" data-name=\"last-name\"><input size=\"40\" maxlength=\"400\" class=\"wpcf7-form-control wpcf7-text wpcf7-validates-as-required form-control\" aria-required=\"true\" aria-invalid=\"false\" placeholder=\"Nom\" value=\"\" type=\"text\" name=\"last-name\" \/><\/span>\n\t\t\t\t<\/p>\n\t\t\t<\/div>\n\t\t<\/div>\n\n <!-- Nouveau champ : Nom du pasteur -->\n\t\t<div class=\"col-lg-6\">\n\t\t\t<div class=\"form-group\">\n\t\t\t\t<p><i class=\"far fa-user\"><\/i><span class=\"wpcf7-form-control-wrap\" data-name=\"pastor-name\"><input size=\"40\" maxlength=\"400\" class=\"wpcf7-form-control wpcf7-text wpcf7-validates-as-required form-control\" aria-required=\"true\" aria-invalid=\"false\" placeholder=\"Nom du pasteur\" value=\"\" type=\"text\" name=\"pastor-name\" \/><\/span>\n\t\t\t\t<\/p>\n\t\t\t<\/div>\n\t\t<\/div>\n\n <!-- Nouveau champ : Nom de l'\u00e9glise -->\n\t\t<div class=\"col-lg-6\">\n\t\t\t<div class=\"form-group\">\n\t\t\t\t<p><i class=\"far fa-church\"><\/i><span class=\"wpcf7-form-control-wrap\" data-name=\"church-name\"><input size=\"40\" maxlength=\"400\" class=\"wpcf7-form-control wpcf7-text wpcf7-validates-as-required form-control\" aria-required=\"true\" aria-invalid=\"false\" placeholder=\"Nom de l&#039;\u00e9glise\" value=\"\" type=\"text\" name=\"church-name\" \/><\/span>\n\t\t\t\t<\/p>\n\t\t\t<\/div>\n\t\t<\/div>\n\n <!-- Nouveau champ : Adresse de l'\u00e9glise -->\n\t\t<div class=\"col-lg-12\">\n\t\t\t<div class=\"form-group\">\n\t\t\t\t<p><i class=\"far fa-map-marker-alt\"><\/i><span class=\"wpcf7-form-control-wrap\" data-name=\"church-address\"><input size=\"40\" maxlength=\"400\" class=\"wpcf7-form-control wpcf7-text wpcf7-validates-as-required form-control\" aria-required=\"true\" aria-invalid=\"false\" placeholder=\"Adresse de l&#039;\u00e9glise\" value=\"\" type=\"text\" name=\"church-address\" \/><\/span>\n\t\t\t\t<\/p>\n\t\t\t<\/div>\n\t\t<\/div>\n\t\t<div class=\"col-lg-6\">\n\t\t\t<div class=\"form-group\">\n\t\t\t\t<p><i class=\"far fa-pencil\"><\/i><span class=\"wpcf7-form-control-wrap\" data-name=\"subject\"><input size=\"40\" maxlength=\"400\" class=\"wpcf7-form-control wpcf7-text wpcf7-validates-as-required form-control\" aria-required=\"true\" aria-invalid=\"false\" placeholder=\"Sujet\" value=\"\" type=\"text\" name=\"subject\" \/><\/span>\n\t\t\t\t<\/p>\n\t\t\t<\/div>\n\t\t<\/div>\n\t\t<div class=\"col-lg-6\">\n\t\t\t<div class=\"form-group\">\n\t\t\t\t<p><i class=\"far fa-envelope\"><\/i><span class=\"wpcf7-form-control-wrap\" data-name=\"your-email\"><input size=\"40\" maxlength=\"400\" class=\"wpcf7-form-control wpcf7-email wpcf7-validates-as-required wpcf7-text wpcf7-validates-as-email form-control\" aria-required=\"true\" aria-invalid=\"false\" placeholder=\"Email\" value=\"\" type=\"email\" name=\"your-email\" \/><\/span>\n\t\t\t\t<\/p>\n\t\t\t<\/div>\n\t\t<\/div>\n\t\t<div class=\"col-lg-12\">\n\t\t\t<div class=\"form-group\">\n\t\t\t\t<p><span class=\"wpcf7-form-control-wrap\" data-name=\"your-message\"><textarea cols=\"10\" rows=\"5\" maxlength=\"2000\" class=\"wpcf7-form-control wpcf7-textarea form-control\" aria-invalid=\"false\" placeholder=\"R\u00e9diger un message\" name=\"your-message\"><\/textarea><\/span>\n\t\t\t\t<\/p>\n\t\t\t<\/div>\n\t\t<\/div>\n\t\t<div class=\"col-lg-12\">\n\t\t\t<div class=\"sigma_btn-custom\">\n\t\t\t\t<p><input class=\"wpcf7-form-control wpcf7-submit has-spinner\" type=\"submit\" value=\"ENVOYEZ\" \/><i class=\"far fa-arrow-right\"><\/i>\n\t\t\t\t<\/p>\n\t\t\t<\/div>\n\t\t<\/div>\n\t<\/div>\n<\/div><div class=\"wpcf7-response-output\" aria-hidden=\"true\"><\/div>\n<\/form>\n<\/div>\n[\/vc_column][vc_column offset=&#8221;vc_col-lg-6 vc_col-md-6&#8243;][vc_row_inner css=&#8221;.vc_custom_1604144423499{margin-top: 50px !important;}&#8221;][vc_column_inner offset=&#8221;vc_col-lg-6 vc_col-md-6&#8243;][vc_single_image image=&#8221;158&#8243; img_size=&#8221;full&#8221; css=&#8221;.vc_custom_1632840537052{margin-bottom: 30px !important;}&#8221; el_class=&#8221;text-center&#8221;][vc_single_image image=&#8221;160&#8243; img_size=&#8221;full&#8221; css=&#8221;.vc_custom_1632840551386{margin-bottom: 30px !important;}&#8221; el_class=&#8221;text-center&#8221;][vc_single_image image=&#8221;161&#8243; img_size=&#8221;full&#8221; css=&#8221;.vc_custom_1632840568837{margin-bottom: 30px !important;}&#8221; el_class=&#8221;text-center&#8221;][\/vc_column_inner][vc_column_inner offset=&#8221;vc_col-lg-6 vc_col-md-6&#8243;][vc_single_image image=&#8221;161&#8243; img_size=&#8221;full&#8221; css=&#8221;.vc_custom_1632840611030{margin-bottom: 30px !important;}&#8221; el_class=&#8221;text-center&#8221;][vc_single_image image=&#8221;157&#8243; img_size=&#8221;full&#8221; css=&#8221;.vc_custom_1632840627276{margin-bottom: 30px !important;}&#8221; el_class=&#8221;text-center&#8221;][vc_single_image image=&#8221;159&#8243; img_size=&#8221;full&#8221; css=&#8221;.vc_custom_1632840640148{margin-bottom: 30px !important;}&#8221; el_class=&#8221;text-center&#8221;][\/vc_column_inner][\/vc_row_inner][\/vc_column][\/vc_row][vc_row disable_element=&#8221;yes&#8221; css=&#8221;.vc_custom_1749130874448{padding-top: 110px !important;padding-bottom: 80px !important;}&#8221; row_css_sm=&#8221;.vc_custom_1749130874448{padding-top: 70px !important;padding-bottom: 40px !important;}&#8221;][vc_column]\r\n\t\t<div  class=\"sigma_custom_heading_wrapper sigma-custom-heading-925188378 sigma-shortcode-wrapper custom-heading-style-2 subtitle-text-uppercase title-text- text-center  vc_custom_1603460843864\">\r\r\n\t\t\t<div class=\"section-title sigma-custom-heading-wrapper\">\r\n\t\r\n\t\t\t<h4 class=\"heading-subtitle\">\r\n\t\t\t\tBLOG\t\t\t<\/h4>\r\n\t\t\t\t\t<h2 class=\"heading-title\">\r\n\t\t\t\tNews Feed\t\t\t<\/h2>\r\n\t\t<\/div>\r\n\r\n\t\t<\/div>\r\r\n\t\t\t\t<div  class=\"sigma_blog_wrapper sigma-blog-1630998633 sigma-shortcode-wrapper blog-style-4 blog-layout-grid\">\r\n\t\t\t<div class=\"latest-news\">\r\n\r\r\n<div class=\"row\">\r\r\r\n\t\r\r\n\t\t<div class=\"col-xl-4 col-lg-4 col-md-6 col-sm-12\">\r\r\r\n\t\t\t<article id=\"post-3620\" class=\"sigma-post sigma-post-style-1 grid-layout post-3620 post type-post status-publish format-standard has-post-thumbnail hentry category-non-classe\">\n  <div class=\"sigma-post-wrapper\">\n\t\t\t\t\t<div class=\"sigma_post-thumb\">\n\t\t\t\t<a class=\"post-thumbnail\" href=\"https:\/\/ceaf.egovspace.com\/index.php\/2025\/06\/11\/lancement-de-la-bible-de-meditation-par-les-femmes-dafrique\/\" aria-hidden=\"true\">\n\t\t\t\t\t<img decoding=\"async\" width=\"800\" height=\"520\" src=\"https:\/\/ceaf.egovspace.com\/wp-content\/uploads\/2025\/06\/DSC07513-Enhanced-NR-900x600-1-800x520.jpg\" class=\"attachment-sacreva-blog size-sacreva-blog wp-post-image\" alt=\"\" \/>\t\t\t\t<\/a>\n\t\t\t\t\t\t\t<\/div>\n\t\t\t\t\t    <div class=\"sigma-post-inner\">\n\t      <div class=\"entry-footer\">\n\t        <ul>\n\t          <li>\n\t              \t\t<div class=\"entry-meta-footer sigma_post_tags\">\r\n\t\t\t\t<\/div>\r\n\t\t\t          <\/li>\n\t          <li>\n\t            <div class=\"entry-meta\">\n\t              \t\t<span class=\"posted-on\">\r\n\t\t\t<a href=\"https:\/\/ceaf.egovspace.com\/index.php\/2025\/06\/11\/lancement-de-la-bible-de-meditation-par-les-femmes-dafrique\/\" rel=\"bookmark\">\r\n\t\t\t\t<i class=\"far fa-calendar-alt\"><\/i>\r\n\t\t\t\t\t\t\t<\/a>\r\n\t\t<\/span>\r\n\t\t\t            <\/div>\n\t          <\/li>\n\t        <\/ul>\n\t      <\/div>\n\t      <footer class=\"entry-footer\">\n\t      <div class=\"entry-header\">\n\t        <h4 class=\"entry-title\"><a href=\"https:\/\/ceaf.egovspace.com\/index.php\/2025\/06\/11\/lancement-de-la-bible-de-meditation-par-les-femmes-dafrique\/\" rel=\"bookmark\">LANCEMENT DE LA BIBLE DE M\u00c9DITATION PAR LES FEMMES D\u2019AFRIQUE<\/a><\/h4>\t      <\/div>\n\t\t\t\t\t\t\t\t\t<div class=\"entry-content\">\n\t\t\t\t\t\t<p>[vc_row][vc_column][vc_column_text css=&#8221;&#8221;] La CEAF a eu l\u2019occasion en partenariat avec l\u2019Alliance Biblique d\u2019organiser le lancement de \u201cla Bible de<\/p>\n\t\t\t\t\t<\/div>\n\t\t\t\t\t        <div class=\"author-details\">\n\t          \t\t<div class=\"entry-meta-footer sigma_post_author\">\r\n\t\t\t<div class=\"entry-meta-container\">\r\n\t\t\t\t<span class=\"author vcard\">\r\n\t\t\t\t<img alt='comment-author' src='https:\/\/secure.gravatar.com\/avatar\/c5499b48eae61e7271994ee1e0682ea8e7a75303e5b7d6a7e4005c207e4ffdd3?s=96&#038;d=mm&#038;r=g' srcset='https:\/\/secure.gravatar.com\/avatar\/c5499b48eae61e7271994ee1e0682ea8e7a75303e5b7d6a7e4005c207e4ffdd3?s=96&#038;d=mm&#038;r=g 2x' class='avatar avatar-96 photo' height='96' width='96' \/>\t\t\t\t\t<a class=\"url fn n\" href=\"https:\/\/ceaf.egovspace.com\/index.php\/author\/admin\/\">\r\n\t\t\t\t\t\t<span>By <\/span> \t\t\t\t\t<\/a>\r\n\t\t\t\t<\/span>\r\n\t\t\t<\/div>\r\n\t\t<\/div>\r\n\t\t\t        <\/div>\n\t      <\/footer>\n\t    <\/div>\n\t\t  <\/div>\n<\/article>\n\r\r\n\t\t<\/div>\r\r\r\n\t\t\r\r\n\t\t<div class=\"col-xl-4 col-lg-4 col-md-6 col-sm-12\">\r\r\r\n\t\t\t<article id=\"post-3595\" class=\"sigma-post sigma-post-style-1 grid-layout post-3595 post type-post status-publish format-standard has-post-thumbnail hentry category-non-classe\">\n  <div class=\"sigma-post-wrapper\">\n\t\t\t\t\t<div class=\"sigma_post-thumb\">\n\t\t\t\t<a class=\"post-thumbnail\" href=\"https:\/\/ceaf.egovspace.com\/index.php\/2025\/06\/10\/portes-ouvertes-de-la-ceaf-sur-les-aumoneries\/\" aria-hidden=\"true\">\n\t\t\t\t\t<img loading=\"lazy\" decoding=\"async\" width=\"800\" height=\"520\" src=\"https:\/\/ceaf.egovspace.com\/wp-content\/uploads\/2025\/06\/Design-sans-titre-800x520.png\" class=\"attachment-sacreva-blog size-sacreva-blog wp-post-image\" alt=\"\" \/>\t\t\t\t<\/a>\n\t\t\t\t\t\t\t<\/div>\n\t\t\t\t\t    <div class=\"sigma-post-inner\">\n\t      <div class=\"entry-footer\">\n\t        <ul>\n\t          <li>\n\t              \t\t<div class=\"entry-meta-footer sigma_post_tags\">\r\n\t\t\t\t<\/div>\r\n\t\t\t          <\/li>\n\t          <li>\n\t            <div class=\"entry-meta\">\n\t              \t\t<span class=\"posted-on\">\r\n\t\t\t<a href=\"https:\/\/ceaf.egovspace.com\/index.php\/2025\/06\/10\/portes-ouvertes-de-la-ceaf-sur-les-aumoneries\/\" rel=\"bookmark\">\r\n\t\t\t\t<i class=\"far fa-calendar-alt\"><\/i>\r\n\t\t\t\t\t\t\t<\/a>\r\n\t\t<\/span>\r\n\t\t\t            <\/div>\n\t          <\/li>\n\t        <\/ul>\n\t      <\/div>\n\t      <footer class=\"entry-footer\">\n\t      <div class=\"entry-header\">\n\t        <h4 class=\"entry-title\"><a href=\"https:\/\/ceaf.egovspace.com\/index.php\/2025\/06\/10\/portes-ouvertes-de-la-ceaf-sur-les-aumoneries\/\" rel=\"bookmark\">PORTES OUVERTES DE LA CEAF SUR LES AUM\u00d4NERIES<\/a><\/h4>\t      <\/div>\n\t\t\t\t\t\t\t\t\t<div class=\"entry-content\">\n\t\t\t\t\t\t<p>[vc_row][vc_column][vc_column_text css=&#8221;&#8221;] Le samedi 8 F\u00e9vrier de 8 h 30 \u00e0 12 h 30 a eu lieu les portes<\/p>\n\t\t\t\t\t<\/div>\n\t\t\t\t\t        <div class=\"author-details\">\n\t          \t\t<div class=\"entry-meta-footer sigma_post_author\">\r\n\t\t\t<div class=\"entry-meta-container\">\r\n\t\t\t\t<span class=\"author vcard\">\r\n\t\t\t\t<img alt='comment-author' src='https:\/\/secure.gravatar.com\/avatar\/c5499b48eae61e7271994ee1e0682ea8e7a75303e5b7d6a7e4005c207e4ffdd3?s=96&#038;d=mm&#038;r=g' srcset='https:\/\/secure.gravatar.com\/avatar\/c5499b48eae61e7271994ee1e0682ea8e7a75303e5b7d6a7e4005c207e4ffdd3?s=96&#038;d=mm&#038;r=g 2x' class='avatar avatar-96 photo' height='96' width='96' \/>\t\t\t\t\t<a class=\"url fn n\" href=\"https:\/\/ceaf.egovspace.com\/index.php\/author\/admin\/\">\r\n\t\t\t\t\t\t<span>By <\/span> \t\t\t\t\t<\/a>\r\n\t\t\t\t<\/span>\r\n\t\t\t<\/div>\r\n\t\t<\/div>\r\n\t\t\t        <\/div>\n\t      <\/footer>\n\t    <\/div>\n\t\t  <\/div>\n<\/article>\n\r\r\n\t\t<\/div>\r\r\r\n\t\t\r\r\n\t\t<div class=\"col-xl-4 col-lg-4 col-md-6 col-sm-12\">\r\r\r\n\t\t\t<article id=\"post-3587\" class=\"sigma-post sigma-post-style-1 grid-layout post-3587 post type-post status-publish format-standard has-post-thumbnail hentry category-non-classe\">\n  <div class=\"sigma-post-wrapper\">\n\t\t\t\t\t<div class=\"sigma_post-thumb\">\n\t\t\t\t<a class=\"post-thumbnail\" href=\"https:\/\/ceaf.egovspace.com\/index.php\/2025\/06\/10\/nouvelles-nomination\/\" aria-hidden=\"true\">\n\t\t\t\t\t<img loading=\"lazy\" decoding=\"async\" width=\"800\" height=\"520\" src=\"https:\/\/ceaf.egovspace.com\/wp-content\/uploads\/2025\/06\/NOUVELLLE-NOMINATION-800x520.jpg\" class=\"attachment-sacreva-blog size-sacreva-blog wp-post-image\" alt=\"\" \/>\t\t\t\t<\/a>\n\t\t\t\t\t\t\t<\/div>\n\t\t\t\t\t    <div class=\"sigma-post-inner\">\n\t      <div class=\"entry-footer\">\n\t        <ul>\n\t          <li>\n\t              \t\t<div class=\"entry-meta-footer sigma_post_tags\">\r\n\t\t\t\t<\/div>\r\n\t\t\t          <\/li>\n\t          <li>\n\t            <div class=\"entry-meta\">\n\t              \t\t<span class=\"posted-on\">\r\n\t\t\t<a href=\"https:\/\/ceaf.egovspace.com\/index.php\/2025\/06\/10\/nouvelles-nomination\/\" rel=\"bookmark\">\r\n\t\t\t\t<i class=\"far fa-calendar-alt\"><\/i>\r\n\t\t\t\t\t\t\t<\/a>\r\n\t\t<\/span>\r\n\t\t\t            <\/div>\n\t          <\/li>\n\t        <\/ul>\n\t      <\/div>\n\t      <footer class=\"entry-footer\">\n\t      <div class=\"entry-header\">\n\t        <h4 class=\"entry-title\"><a href=\"https:\/\/ceaf.egovspace.com\/index.php\/2025\/06\/10\/nouvelles-nomination\/\" rel=\"bookmark\">Nouvelles Nomination<\/a><\/h4>\t      <\/div>\n\t\t\t\t\t\t\t\t\t<div class=\"entry-content\">\n\t\t\t\t\t\t<p>[vc_row][vc_column][vc_single_image image=&#8221;3588&#8243; img_size=&#8221;large&#8221; alignment=&#8221;center&#8221; css=&#8221;&#8221;][\/vc_column][\/vc_row]<\/p>\n\t\t\t\t\t<\/div>\n\t\t\t\t\t        <div class=\"author-details\">\n\t          \t\t<div class=\"entry-meta-footer sigma_post_author\">\r\n\t\t\t<div class=\"entry-meta-container\">\r\n\t\t\t\t<span class=\"author vcard\">\r\n\t\t\t\t<img alt='comment-author' src='https:\/\/secure.gravatar.com\/avatar\/c5499b48eae61e7271994ee1e0682ea8e7a75303e5b7d6a7e4005c207e4ffdd3?s=96&#038;d=mm&#038;r=g' srcset='https:\/\/secure.gravatar.com\/avatar\/c5499b48eae61e7271994ee1e0682ea8e7a75303e5b7d6a7e4005c207e4ffdd3?s=96&#038;d=mm&#038;r=g 2x' class='avatar avatar-96 photo' height='96' width='96' \/>\t\t\t\t\t<a class=\"url fn n\" href=\"https:\/\/ceaf.egovspace.com\/index.php\/author\/admin\/\">\r\n\t\t\t\t\t\t<span>By <\/span> \t\t\t\t\t<\/a>\r\n\t\t\t\t<\/span>\r\n\t\t\t<\/div>\r\n\t\t<\/div>\r\n\t\t\t        <\/div>\n\t      <\/footer>\n\t    <\/div>\n\t\t  <\/div>\n<\/article>\n\r\r\n\t\t<\/div>\r\r\r\n\t\t\r\r\n<\/div>\r\r\r\n<\/div>\r\n\t\t<\/div>\r\n\t\t[\/vc_column][\/vc_row]<\/p>\n<\/div>","protected":false},"excerpt":{"rendered":"<p>[vc_row css=&#8221;.vc_custom_1749174533526{padding-top: 50px !important;padding-bottom: 40px !important;}&#8221; row_css_sm=&#8221;.vc_custom_1749174533526{padding-top: 70px !important;padding-bottom: 40px !important;}&#8221;][vc_column][vc_column_text css=&#8221;&#8221;] La CEAF se structure autour du conseil spirituel, son organe d\u2019inspiration. L\u2019ex\u00e9cution, sous la responsabilit\u00e9 du conseil d\u2019administration, est confi\u00e9e au bureau. La coordination des activit\u00e9s des diff\u00e9rents d\u00e9partements est assur\u00e9e par le secr\u00e9tariat g\u00e9n\u00e9ral. Les pasteurs, structur\u00e9s autour de la commission des [&hellip;]<\/p>\n","protected":false},"author":1,"featured_media":0,"parent":0,"menu_order":0,"comment_status":"closed","ping_status":"closed","template":"","meta":{"give_campaign_id":0,"_monsterinsights_skip_tracking":false,"_monsterinsights_sitenote_active":false,"_monsterinsights_sitenote_note":"","_monsterinsights_sitenote_category":0,"footnotes":""},"class_list":["post-258","page","type-page","status-publish","hentry"],"aioseo_notices":[],"campaignId":"","_links":{"self":[{"href":"https:\/\/ceaf.egovspace.com\/index.php\/wp-json\/wp\/v2\/pages\/258","targetHints":{"allow":["GET"]}}],"collection":[{"href":"https:\/\/ceaf.egovspace.com\/index.php\/wp-json\/wp\/v2\/pages"}],"about":[{"href":"https:\/\/ceaf.egovspace.com\/index.php\/wp-json\/wp\/v2\/types\/page"}],"author":[{"embeddable":true,"href":"https:\/\/ceaf.egovspace.com\/index.php\/wp-json\/wp\/v2\/users\/1"}],"replies":[{"embeddable":true,"href":"https:\/\/ceaf.egovspace.com\/index.php\/wp-json\/wp\/v2\/comments?post=258"}],"version-history":[{"count":7,"href":"https:\/\/ceaf.egovspace.com\/index.php\/wp-json\/wp\/v2\/pages\/258\/revisions"}],"predecessor-version":[{"id":3436,"href":"https:\/\/ceaf.egovspace.com\/index.php\/wp-json\/wp\/v2\/pages\/258\/revisions\/3436"}],"wp:attachment":[{"href":"https:\/\/ceaf.egovspace.com\/index.php\/wp-json\/wp\/v2\/media?parent=258"}],"curies":[{"name":"wp","href":"https:\/\/api.w.org\/{rel}","templated":true}]}}